{"id":42,"date":"2024-05-20T07:54:36","date_gmt":"2024-05-20T07:54:36","guid":{"rendered":"https:\/\/demosites.royal-elementor-addons.com\/graphic-nature-v1\/?page_id=7"},"modified":"2025-02-10T15:55:45","modified_gmt":"2025-02-10T15:55:45","slug":"home-graphic-nature-v1","status":"publish","type":"page","link":"https:\/\/inkarybarova.cz\/","title":{"rendered":"Inka Ryb\u00e1\u0159ov\u00e1"},"content":{"rendered":"\t\t<div data-elementor-type=\"wp-page\" data-elementor-id=\"42\" class=\"elementor elementor-42\" data-elementor-post-type=\"page\">\n\t\t\t\t<div class=\"elementor-element elementor-element-46ce334 e-con-full e-flex wpr-particle-no wpr-jarallax-no wpr-parallax-no wpr-sticky-section-no e-con e-parent\" data-id=\"46ce334\" data-element_type=\"container\">\n\t\t\t\t<div class=\"elementor-element elementor-element-f0c0d90 e-transform elementor-arrows-position-inside elementor-pagination-position-outside elementor-widget elementor-widget-image-carousel\" data-id=\"f0c0d90\" data-element_type=\"widget\" data-settings=\"{&quot;navigation&quot;:&quot;both&quot;,&quot;autoplay&quot;:&quot;yes&quot;,&quot;pause_on_hover&quot;:&quot;yes&quot;,&quot;pause_on_interaction&quot;:&quot;yes&quot;,&quot;autoplay_speed&quot;:5000,&quot;infinite&quot;:&quot;yes&quot;,&quot;speed&quot;:500,&quot;_transform_translateX_effect&quot;:{&quot;unit&quot;:&quot;px&quot;,&quot;size&quot;:&quot;&quot;,&quot;sizes&quot;:[]},&quot;_transform_translateX_effect_laptop&quot;:{&quot;unit&quot;:&quot;px&quot;,&quot;size&quot;:&quot;&quot;,&quot;sizes&quot;:[]},&quot;_transform_translateX_effect_tablet&quot;:{&quot;unit&quot;:&quot;px&quot;,&quot;size&quot;:&quot;&quot;,&quot;sizes&quot;:[]},&quot;_transform_translateX_effect_mobile&quot;:{&quot;unit&quot;:&quot;px&quot;,&quot;size&quot;:&quot;&quot;,&quot;sizes&quot;:[]},&quot;_transform_translateY_effect&quot;:{&quot;unit&quot;:&quot;px&quot;,&quot;size&quot;:&quot;&quot;,&quot;sizes&quot;:[]},&quot;_transform_translateY_effect_laptop&quot;:{&quot;unit&quot;:&quot;px&quot;,&quot;size&quot;:&quot;&quot;,&quot;sizes&quot;:[]},&quot;_transform_translateY_effect_tablet&quot;:{&quot;unit&quot;:&quot;px&quot;,&quot;size&quot;:&quot;&quot;,&quot;sizes&quot;:[]},&quot;_transform_translateY_effect_mobile&quot;:{&quot;unit&quot;:&quot;px&quot;,&quot;size&quot;:&quot;&quot;,&quot;sizes&quot;:[]}}\" data-widget_type=\"image-carousel.default\">\n\t\t\t\t<div class=\"elementor-widget-container\">\n\t\t\t\t\t\t\t<div class=\"elementor-image-carousel-wrapper swiper\" role=\"region\" aria-roledescription=\"carousel\" aria-label=\"Obr\u00e1zkov\u00fd koloto\u010d\" dir=\"ltr\">\n\t\t\t<div class=\"elementor-image-carousel swiper-wrapper\" aria-live=\"off\">\n\t\t\t\t\t\t\t\t<div class=\"swiper-slide\" role=\"group\" aria-roledescription=\"slide\" aria-label=\"1 z 3\"><figure class=\"swiper-slide-inner\"><img decoding=\"async\" class=\"swiper-slide-image\" src=\"https:\/\/inkarybarova.cz\/wp-content\/uploads\/2025\/01\/IMG_7116.jpg\" alt=\"IMG_7116\" \/><\/figure><\/div><div class=\"swiper-slide\" role=\"group\" aria-roledescription=\"slide\" aria-label=\"2 z 3\"><figure class=\"swiper-slide-inner\"><img decoding=\"async\" class=\"swiper-slide-image\" src=\"https:\/\/inkarybarova.cz\/wp-content\/uploads\/2025\/01\/IMG_7115-scaled.jpg\" alt=\"IMG_7115\" \/><\/figure><\/div><div class=\"swiper-slide\" role=\"group\" aria-roledescription=\"slide\" aria-label=\"3 z 3\"><figure class=\"swiper-slide-inner\"><img decoding=\"async\" class=\"swiper-slide-image\" src=\"https:\/\/inkarybarova.cz\/wp-content\/uploads\/2025\/01\/IMG_7117.jpg\" alt=\"IMG_7117\" \/><\/figure><\/div>\t\t\t<\/div>\n\t\t\t\t\t\t\t\t\t\t\t\t<div class=\"elementor-swiper-button elementor-swiper-button-prev\" role=\"button\" tabindex=\"0\">\n\t\t\t\t\t\t<svg aria-hidden=\"true\" class=\"e-font-icon-svg e-eicon-chevron-left\" viewBox=\"0 0 1000 1000\" xmlns=\"http:\/\/www.w3.org\/2000\/svg\"><path d=\"M646 125C629 125 613 133 604 142L308 442C296 454 292 471 292 487 292 504 296 521 308 533L604 854C617 867 629 875 646 875 663 875 679 871 692 858 704 846 713 829 713 812 713 796 708 779 692 767L438 487 692 225C700 217 708 204 708 187 708 171 704 154 692 142 675 129 663 125 646 125Z\"><\/path><\/svg>\t\t\t\t\t<\/div>\n\t\t\t\t\t<div class=\"elementor-swiper-button elementor-swiper-button-next\" role=\"button\" tabindex=\"0\">\n\t\t\t\t\t\t<svg aria-hidden=\"true\" class=\"e-font-icon-svg e-eicon-chevron-right\" viewBox=\"0 0 1000 1000\" xmlns=\"http:\/\/www.w3.org\/2000\/svg\"><path d=\"M696 533C708 521 713 504 713 487 713 471 708 454 696 446L400 146C388 133 375 125 354 125 338 125 325 129 313 142 300 154 292 171 292 187 292 204 296 221 308 233L563 492 304 771C292 783 288 800 288 817 288 833 296 850 308 863 321 871 338 875 354 875 371 875 388 867 400 854L696 533Z\"><\/path><\/svg>\t\t\t\t\t<\/div>\n\t\t\t\t\n\t\t\t\t\t\t\t\t\t<div class=\"swiper-pagination\"><\/div>\n\t\t\t\t\t\t\t\t\t<\/div>\n\t\t\t\t\t\t<\/div>\n\t\t\t\t<\/div>\n\t\t\t\t<\/div>\n\t\t<div class=\"elementor-element elementor-element-40d497c e-flex e-con-boxed wpr-particle-no wpr-jarallax-no wpr-parallax-no wpr-sticky-section-no e-con e-parent\" data-id=\"40d497c\" data-element_type=\"container\">\n\t\t\t\t\t<div class=\"e-con-inner\">\n\t\t\t\t<div class=\"elementor-element elementor-element-ebcdd4f elementor-widget__width-inherit elementor-widget elementor-widget-heading\" data-id=\"ebcdd4f\" data-element_type=\"widget\" data-widget_type=\"heading.default\">\n\t\t\t\t<div class=\"elementor-widget-container\">\n\t\t\t\t\t<h1 class=\"elementor-heading-title elementor-size-default\">PROHL\u00c9DN\u011aTE SI NA\u0160I TVORBU<\/h1>\t\t\t\t<\/div>\n\t\t\t\t<\/div>\n\t\t\t\t\t<\/div>\n\t\t\t\t<\/div>\n\t\t<div class=\"elementor-element elementor-element-18e0a6e e-grid e-con-boxed wpr-particle-no wpr-jarallax-no wpr-parallax-no wpr-sticky-section-no e-con e-parent\" data-id=\"18e0a6e\" data-element_type=\"container\">\n\t\t\t\t\t<div class=\"e-con-inner\">\n\t\t\t\t<div class=\"elementor-element elementor-element-136347b elementor-widget elementor-widget-image\" data-id=\"136347b\" data-element_type=\"widget\" data-widget_type=\"image.default\">\n\t\t\t\t<div class=\"elementor-widget-container\">\n\t\t\t\t\t\t\t\t\t\t\t\t\t\t\t\t<a href=\"https:\/\/inkarybarova.cz\/?page_id=219\">\n\t\t\t\t\t\t\t<img decoding=\"async\" width=\"120\" height=\"117\" src=\"https:\/\/inkarybarova.cz\/wp-content\/uploads\/2024\/12\/pisnicky_ze_zeme_deti_inka_rybarova.jpg\" class=\"attachment-large size-large wp-image-304\" alt=\"\" \/>\t\t\t\t\t\t\t\t<\/a>\n\t\t\t\t\t\t\t\t\t\t\t\t\t\t\t<\/div>\n\t\t\t\t<\/div>\n\t\t\t\t<div class=\"elementor-element elementor-element-136abb9 elementor-widget elementor-widget-image\" data-id=\"136abb9\" data-element_type=\"widget\" data-widget_type=\"image.default\">\n\t\t\t\t<div class=\"elementor-widget-container\">\n\t\t\t\t\t\t\t\t\t\t\t\t\t\t\t\t<a href=\"https:\/\/inkarybarova.cz\/?page_id=219\">\n\t\t\t\t\t\t\t<img decoding=\"async\" width=\"120\" height=\"120\" src=\"https:\/\/inkarybarova.cz\/wp-content\/uploads\/2024\/12\/hop_sem_hop_tam_inka_rybarova.jpg\" class=\"attachment-large size-large wp-image-307\" alt=\"\" \/>\t\t\t\t\t\t\t\t<\/a>\n\t\t\t\t\t\t\t\t\t\t\t\t\t\t\t<\/div>\n\t\t\t\t<\/div>\n\t\t\t\t<div class=\"elementor-element elementor-element-48499d0 elementor-widget elementor-widget-image\" data-id=\"48499d0\" data-element_type=\"widget\" data-widget_type=\"image.default\">\n\t\t\t\t<div class=\"elementor-widget-container\">\n\t\t\t\t\t\t\t\t\t\t\t\t\t\t\t\t<a href=\"https:\/\/inkarybarova.cz\/?page_id=219\">\n\t\t\t\t\t\t\t<img decoding=\"async\" width=\"120\" height=\"117\" src=\"https:\/\/inkarybarova.cz\/wp-content\/uploads\/2024\/12\/mesto_klaunu_inka_rybarova.jpg\" class=\"attachment-large size-large wp-image-310\" alt=\"\" \/>\t\t\t\t\t\t\t\t<\/a>\n\t\t\t\t\t\t\t\t\t\t\t\t\t\t\t<\/div>\n\t\t\t\t<\/div>\n\t\t\t\t<div class=\"elementor-element elementor-element-93a534c elementor-widget elementor-widget-image\" data-id=\"93a534c\" data-element_type=\"widget\" data-widget_type=\"image.default\">\n\t\t\t\t<div class=\"elementor-widget-container\">\n\t\t\t\t\t\t\t\t\t\t\t\t\t\t\t\t<a href=\"https:\/\/inkarybarova.cz\/?page_id=219\">\n\t\t\t\t\t\t\t<img loading=\"lazy\" decoding=\"async\" width=\"120\" height=\"118\" src=\"https:\/\/inkarybarova.cz\/wp-content\/uploads\/2024\/12\/halo_halo_inka_rybarova.jpg\" class=\"attachment-large size-large wp-image-306\" alt=\"\" \/>\t\t\t\t\t\t\t\t<\/a>\n\t\t\t\t\t\t\t\t\t\t\t\t\t\t\t<\/div>\n\t\t\t\t<\/div>\n\t\t\t\t<div class=\"elementor-element elementor-element-b275319 elementor-widget elementor-widget-image\" data-id=\"b275319\" data-element_type=\"widget\" data-widget_type=\"image.default\">\n\t\t\t\t<div class=\"elementor-widget-container\">\n\t\t\t\t\t\t\t\t\t\t\t\t\t\t\t\t<a href=\"https:\/\/inkarybarova.cz\/?page_id=219\">\n\t\t\t\t\t\t\t<img loading=\"lazy\" decoding=\"async\" width=\"120\" height=\"119\" src=\"https:\/\/inkarybarova.cz\/wp-content\/uploads\/2024\/12\/cukrarna_inka_rybarova.jpg\" class=\"attachment-large size-large wp-image-305\" alt=\"\" \/>\t\t\t\t\t\t\t\t<\/a>\n\t\t\t\t\t\t\t\t\t\t\t\t\t\t\t<\/div>\n\t\t\t\t<\/div>\n\t\t\t\t<div class=\"elementor-element elementor-element-80957b2 elementor-widget elementor-widget-image\" data-id=\"80957b2\" data-element_type=\"widget\" data-widget_type=\"image.default\">\n\t\t\t\t<div class=\"elementor-widget-container\">\n\t\t\t\t\t\t\t\t\t\t\t\t\t\t\t\t<a href=\"https:\/\/inkarybarova.cz\/?page_id=219\">\n\t\t\t\t\t\t\t<img loading=\"lazy\" decoding=\"async\" width=\"120\" height=\"117\" src=\"https:\/\/inkarybarova.cz\/wp-content\/uploads\/2024\/12\/namornicky_bal.jpg\" class=\"attachment-large size-large wp-image-311\" alt=\"\" \/>\t\t\t\t\t\t\t\t<\/a>\n\t\t\t\t\t\t\t\t\t\t\t\t\t\t\t<\/div>\n\t\t\t\t<\/div>\n\t\t\t\t\t<\/div>\n\t\t\t\t<\/div>\n\t\t<div class=\"elementor-element elementor-element-1c738b4 e-grid e-con-boxed wpr-particle-no wpr-jarallax-no wpr-parallax-no wpr-sticky-section-no e-con e-parent\" data-id=\"1c738b4\" data-element_type=\"container\">\n\t\t\t\t\t<div class=\"e-con-inner\">\n\t\t\t\t<div class=\"elementor-element elementor-element-f25784e elementor-widget elementor-widget-image\" data-id=\"f25784e\" data-element_type=\"widget\" data-widget_type=\"image.default\">\n\t\t\t\t<div class=\"elementor-widget-container\">\n\t\t\t\t\t\t\t\t\t\t\t\t\t\t\t<img loading=\"lazy\" decoding=\"async\" width=\"168\" height=\"115\" src=\"https:\/\/inkarybarova.cz\/wp-content\/uploads\/2025\/01\/obrazek_2025-01-21_230706029.png\" class=\"attachment-large size-large wp-image-708\" alt=\"\" \/>\t\t\t\t\t\t\t\t\t\t\t\t\t\t\t<\/div>\n\t\t\t\t<\/div>\n\t\t\t\t<div class=\"elementor-element elementor-element-9d49948 elementor-widget elementor-widget-image\" data-id=\"9d49948\" data-element_type=\"widget\" data-widget_type=\"image.default\">\n\t\t\t\t<div class=\"elementor-widget-container\">\n\t\t\t\t\t\t\t\t\t\t\t\t\t\t\t\t<a href=\"https:\/\/inkarybarova.cz\/?page_id=219\">\n\t\t\t\t\t\t\t<img loading=\"lazy\" decoding=\"async\" width=\"120\" height=\"117\" src=\"https:\/\/inkarybarova.cz\/wp-content\/uploads\/2024\/12\/zlata_rybka.jpg\" class=\"attachment-medium size-medium wp-image-312\" alt=\"\" \/>\t\t\t\t\t\t\t\t<\/a>\n\t\t\t\t\t\t\t\t\t\t\t\t\t\t\t<\/div>\n\t\t\t\t<\/div>\n\t\t\t\t<div class=\"elementor-element elementor-element-d6ecf0e elementor-widget elementor-widget-image\" data-id=\"d6ecf0e\" data-element_type=\"widget\" data-widget_type=\"image.default\">\n\t\t\t\t<div class=\"elementor-widget-container\">\n\t\t\t\t\t\t\t\t\t\t\t\t\t\t\t<img loading=\"lazy\" decoding=\"async\" width=\"168\" height=\"115\" src=\"https:\/\/inkarybarova.cz\/wp-content\/uploads\/2025\/01\/obrazek_2025-01-21_230706029.png\" class=\"attachment-large size-large wp-image-708\" alt=\"\" \/>\t\t\t\t\t\t\t\t\t\t\t\t\t\t\t<\/div>\n\t\t\t\t<\/div>\n\t\t\t\t\t<\/div>\n\t\t\t\t<\/div>\n\t\t<div class=\"elementor-element elementor-element-5f8da83 e-flex e-con-boxed wpr-particle-no wpr-jarallax-no wpr-parallax-no wpr-sticky-section-no e-con e-parent\" data-id=\"5f8da83\" data-element_type=\"container\">\n\t\t\t\t\t<div class=\"e-con-inner\">\n\t\t\t\t<div class=\"elementor-element elementor-element-635a9c1 elementor-widget__width-inherit elementor-widget elementor-widget-heading\" data-id=\"635a9c1\" data-element_type=\"widget\" data-widget_type=\"heading.default\">\n\t\t\t\t<div class=\"elementor-widget-container\">\n\t\t\t\t\t<h1 class=\"elementor-heading-title elementor-size-default\">NA\u0160E KNIHY<\/h1>\t\t\t\t<\/div>\n\t\t\t\t<\/div>\n\t\t\t\t\t<\/div>\n\t\t\t\t<\/div>\n\t\t<div class=\"elementor-element elementor-element-fef5cc0 e-flex e-con-boxed wpr-particle-no wpr-jarallax-no wpr-parallax-no wpr-sticky-section-no e-con e-parent\" data-id=\"fef5cc0\" data-element_type=\"container\">\n\t\t\t\t\t<div class=\"e-con-inner\">\n\t\t<div class=\"elementor-element elementor-element-84c31a5 e-grid e-con-full wpr-particle-no wpr-jarallax-no wpr-parallax-no wpr-sticky-section-no e-con e-child\" data-id=\"84c31a5\" data-element_type=\"container\">\n\t\t\t\t<div class=\"elementor-element elementor-element-f668113 elementor-widget elementor-widget-image\" data-id=\"f668113\" data-element_type=\"widget\" data-widget_type=\"image.default\">\n\t\t\t\t<div class=\"elementor-widget-container\">\n\t\t\t\t\t\t\t\t\t\t\t\t\t\t\t\t<a href=\"https:\/\/inkarybarova.cz\/?page_id=219\">\n\t\t\t\t\t\t\t<img loading=\"lazy\" decoding=\"async\" width=\"212\" height=\"300\" src=\"https:\/\/inkarybarova.cz\/wp-content\/uploads\/2025\/01\/hratky_s_inkou-212x300.png\" class=\"attachment-medium size-medium wp-image-610\" alt=\"\" srcset=\"https:\/\/inkarybarova.cz\/wp-content\/uploads\/2025\/01\/hratky_s_inkou-212x300.png 212w, https:\/\/inkarybarova.cz\/wp-content\/uploads\/2025\/01\/hratky_s_inkou-724x1024.png 724w, https:\/\/inkarybarova.cz\/wp-content\/uploads\/2025\/01\/hratky_s_inkou-768x1086.png 768w, https:\/\/inkarybarova.cz\/wp-content\/uploads\/2025\/01\/hratky_s_inkou-1086x1536.png 1086w, https:\/\/inkarybarova.cz\/wp-content\/uploads\/2025\/01\/hratky_s_inkou-1448x2048.png 1448w\" sizes=\"(max-width: 212px) 100vw, 212px\" \/>\t\t\t\t\t\t\t\t<\/a>\n\t\t\t\t\t\t\t\t\t\t\t\t\t\t\t<\/div>\n\t\t\t\t<\/div>\n\t\t\t\t<div class=\"elementor-element elementor-element-8811e8a elementor-widget elementor-widget-image\" data-id=\"8811e8a\" data-element_type=\"widget\" data-widget_type=\"image.default\">\n\t\t\t\t<div class=\"elementor-widget-container\">\n\t\t\t\t\t\t\t\t\t\t\t\t\t\t\t\t<a href=\"https:\/\/inkarybarova.cz\/?page_id=219\">\n\t\t\t\t\t\t\t<img loading=\"lazy\" decoding=\"async\" width=\"211\" height=\"300\" src=\"https:\/\/inkarybarova.cz\/wp-content\/uploads\/2025\/01\/hratky_s_inkou_2-211x300.png\" class=\"attachment-medium size-medium wp-image-615\" alt=\"\" srcset=\"https:\/\/inkarybarova.cz\/wp-content\/uploads\/2025\/01\/hratky_s_inkou_2-211x300.png 211w, https:\/\/inkarybarova.cz\/wp-content\/uploads\/2025\/01\/hratky_s_inkou_2-721x1024.png 721w, https:\/\/inkarybarova.cz\/wp-content\/uploads\/2025\/01\/hratky_s_inkou_2-768x1091.png 768w, https:\/\/inkarybarova.cz\/wp-content\/uploads\/2025\/01\/hratky_s_inkou_2-1081x1536.png 1081w, https:\/\/inkarybarova.cz\/wp-content\/uploads\/2025\/01\/hratky_s_inkou_2.png 1266w\" sizes=\"(max-width: 211px) 100vw, 211px\" \/>\t\t\t\t\t\t\t\t<\/a>\n\t\t\t\t\t\t\t\t\t\t\t\t\t\t\t<\/div>\n\t\t\t\t<\/div>\n\t\t\t\t<div class=\"elementor-element elementor-element-bfcd709 elementor-widget elementor-widget-image\" data-id=\"bfcd709\" data-element_type=\"widget\" data-widget_type=\"image.default\">\n\t\t\t\t<div class=\"elementor-widget-container\">\n\t\t\t\t\t\t\t\t\t\t\t\t\t\t\t\t<a href=\"https:\/\/old.inkarybarova.cz\/?pahttps:\/\/inkarybarova.cz\/?page_id=219\">\n\t\t\t\t\t\t\t<img loading=\"lazy\" decoding=\"async\" width=\"181\" height=\"300\" src=\"https:\/\/inkarybarova.cz\/wp-content\/uploads\/2025\/01\/pohadky_kniznich_skritku-181x300.png\" class=\"attachment-medium size-medium wp-image-620\" alt=\"\" srcset=\"https:\/\/inkarybarova.cz\/wp-content\/uploads\/2025\/01\/pohadky_kniznich_skritku-181x300.png 181w, https:\/\/inkarybarova.cz\/wp-content\/uploads\/2025\/01\/pohadky_kniznich_skritku.png 524w\" sizes=\"(max-width: 181px) 100vw, 181px\" \/>\t\t\t\t\t\t\t\t<\/a>\n\t\t\t\t\t\t\t\t\t\t\t\t\t\t\t<\/div>\n\t\t\t\t<\/div>\n\t\t\t\t<div class=\"elementor-element elementor-element-2a06f5d elementor-widget elementor-widget-image\" data-id=\"2a06f5d\" data-element_type=\"widget\" data-widget_type=\"image.default\">\n\t\t\t\t<div class=\"elementor-widget-container\">\n\t\t\t\t\t\t\t\t\t\t\t\t\t\t\t\t<a href=\"https:\/\/old.inkarybarova.cz\/?page_id=219\">\n\t\t\t\t\t\t\t<img loading=\"lazy\" decoding=\"async\" width=\"168\" height=\"115\" src=\"https:\/\/inkarybarova.cz\/wp-content\/uploads\/2025\/01\/obrazek_2025-01-21_230706029.png\" class=\"attachment-medium size-medium wp-image-708\" alt=\"\" \/>\t\t\t\t\t\t\t\t<\/a>\n\t\t\t\t\t\t\t\t\t\t\t\t\t\t\t<\/div>\n\t\t\t\t<\/div>\n\t\t\t\t<div class=\"elementor-element elementor-element-29c40aa elementor-widget elementor-widget-image\" data-id=\"29c40aa\" data-element_type=\"widget\" data-widget_type=\"image.default\">\n\t\t\t\t<div class=\"elementor-widget-container\">\n\t\t\t\t\t\t\t\t\t\t\t\t\t\t\t\t<a href=\"https:\/\/inkarybarova.cz\/?page_id=219\">\n\t\t\t\t\t\t\t<img loading=\"lazy\" decoding=\"async\" width=\"214\" height=\"300\" src=\"https:\/\/inkarybarova.cz\/wp-content\/uploads\/2025\/02\/zpevnik_zpivalek-214x300.jpg\" class=\"attachment-medium size-medium wp-image-764\" alt=\"\" srcset=\"https:\/\/inkarybarova.cz\/wp-content\/uploads\/2025\/02\/zpevnik_zpivalek-214x300.jpg 214w, https:\/\/inkarybarova.cz\/wp-content\/uploads\/2025\/02\/zpevnik_zpivalek.jpg 250w\" sizes=\"(max-width: 214px) 100vw, 214px\" \/>\t\t\t\t\t\t\t\t<\/a>\n\t\t\t\t\t\t\t\t\t\t\t\t\t\t\t<\/div>\n\t\t\t\t<\/div>\n\t\t\t\t<div class=\"elementor-element elementor-element-12070b7 elementor-widget elementor-widget-image\" data-id=\"12070b7\" data-element_type=\"widget\" data-widget_type=\"image.default\">\n\t\t\t\t<div class=\"elementor-widget-container\">\n\t\t\t\t\t\t\t\t\t\t\t\t\t\t\t<img loading=\"lazy\" decoding=\"async\" width=\"168\" height=\"115\" src=\"https:\/\/inkarybarova.cz\/wp-content\/uploads\/2025\/01\/obrazek_2025-01-21_230706029.png\" class=\"attachment-medium size-medium wp-image-708\" alt=\"\" \/>\t\t\t\t\t\t\t\t\t\t\t\t\t\t\t<\/div>\n\t\t\t\t<\/div>\n\t\t\t\t<\/div>\n\t\t\t\t\t<\/div>\n\t\t\t\t<\/div>\n\t\t<div class=\"elementor-element elementor-element-37d657e e-flex e-con-boxed wpr-particle-no wpr-jarallax-no wpr-parallax-no wpr-sticky-section-no e-con e-parent\" data-id=\"37d657e\" data-element_type=\"container\">\n\t\t\t\t\t<div class=\"e-con-inner\">\n\t\t<div class=\"elementor-element elementor-element-e5b3b11 e-flex e-con-boxed wpr-particle-no wpr-jarallax-no wpr-parallax-no wpr-sticky-section-no elementor-invisible e-con e-child\" data-id=\"e5b3b11\" data-element_type=\"container\" data-settings=\"{&quot;animation&quot;:&quot;slideInLeft&quot;}\">\n\t\t\t\t\t<div class=\"e-con-inner\">\n\t\t\t\t<div class=\"elementor-element elementor-element-71bb8a7 elementor-widget elementor-widget-image\" data-id=\"71bb8a7\" data-element_type=\"widget\" data-widget_type=\"image.default\">\n\t\t\t\t<div class=\"elementor-widget-container\">\n\t\t\t\t\t\t\t\t\t\t\t\t\t\t\t<img loading=\"lazy\" decoding=\"async\" width=\"960\" height=\"922\" src=\"https:\/\/inkarybarova.cz\/wp-content\/uploads\/2025\/01\/Inka-6-1024x983.jpg\" class=\"attachment-large size-large wp-image-388\" alt=\"\" srcset=\"https:\/\/inkarybarova.cz\/wp-content\/uploads\/2025\/01\/Inka-6-1024x983.jpg 1024w, https:\/\/inkarybarova.cz\/wp-content\/uploads\/2025\/01\/Inka-6-300x288.jpg 300w, https:\/\/inkarybarova.cz\/wp-content\/uploads\/2025\/01\/Inka-6-768x737.jpg 768w, https:\/\/inkarybarova.cz\/wp-content\/uploads\/2025\/01\/Inka-6-1536x1474.jpg 1536w, https:\/\/inkarybarova.cz\/wp-content\/uploads\/2025\/01\/Inka-6-2048x1965.jpg 2048w\" sizes=\"(max-width: 960px) 100vw, 960px\" \/>\t\t\t\t\t\t\t\t\t\t\t\t\t\t\t<\/div>\n\t\t\t\t<\/div>\n\t\t\t\t\t<\/div>\n\t\t\t\t<\/div>\n\t\t<div class=\"elementor-element elementor-element-9af76c6 e-flex e-con-boxed wpr-particle-no wpr-jarallax-no wpr-parallax-no wpr-sticky-section-no elementor-invisible e-con e-child\" data-id=\"9af76c6\" data-element_type=\"container\" data-settings=\"{&quot;animation&quot;:&quot;slideInRight&quot;}\">\n\t\t\t\t\t<div class=\"e-con-inner\">\n\t\t\t\t<div class=\"elementor-element elementor-element-0a6b97f elementor-widget elementor-widget-heading\" data-id=\"0a6b97f\" data-element_type=\"widget\" data-widget_type=\"heading.default\">\n\t\t\t\t<div class=\"elementor-widget-container\">\n\t\t\t\t\t<h2 class=\"elementor-heading-title elementor-size-default\">Inka<\/h2>\t\t\t\t<\/div>\n\t\t\t\t<\/div>\n\t\t\t\t<div class=\"elementor-element elementor-element-164d751 elementor-widget elementor-widget-text-editor\" data-id=\"164d751\" data-element_type=\"widget\" data-widget_type=\"text-editor.default\">\n\t\t\t\t<div class=\"elementor-widget-container\">\n\t\t\t\t\t\t\t\t\t<p>Inka Ryb\u00e1\u0159ov\u00e1 \u2013 zp\u011bva\u010dka, autorka hudby a text\u016f ke stovce vydan\u00fdch p\u00edsni\u010dek na CD, kter\u00e9 se staly vyhled\u00e1van\u00fdmi hity pro d\u011bti, odv\u00e1\u017en\u00e1 producentka, hledaj\u00edc\u00ed st\u00e1le nov\u00e9 cesty v kultu\u0159e pro d\u011bti. Prosadila se i jako \u00fasp\u011b\u0161n\u00e1 spisovatelka poh\u00e1dkov\u00fdch kn\u00ed\u017eek, sc\u00e9n\u00e1ristka a vtipn\u00e1 moder\u00e1torka.<\/p>\t\t\t\t\t\t\t\t<\/div>\n\t\t\t\t<\/div>\n\t\t\t\t\t<\/div>\n\t\t\t\t<\/div>\n\t\t\t\t\t<\/div>\n\t\t\t\t<\/div>\n\t\t<div class=\"elementor-element elementor-element-a37a404 e-flex e-con-boxed wpr-particle-no wpr-jarallax-no wpr-parallax-no wpr-sticky-section-no e-con e-parent\" data-id=\"a37a404\" data-element_type=\"container\">\n\t\t\t\t\t<div class=\"e-con-inner\">\n\t\t<div class=\"elementor-element elementor-element-b0ec373 e-con-full e-flex wpr-particle-no wpr-jarallax-no wpr-parallax-no wpr-sticky-section-no e-con e-child\" data-id=\"b0ec373\" data-element_type=\"container\">\n\t\t\t\t<div class=\"elementor-element elementor-element-a416e34 elementor-widget elementor-widget-heading\" data-id=\"a416e34\" data-element_type=\"widget\" data-widget_type=\"heading.default\">\n\t\t\t\t<div class=\"elementor-widget-container\">\n\t\t\t\t\t<h2 class=\"elementor-heading-title elementor-size-default\">Aktuality<\/h2>\t\t\t\t<\/div>\n\t\t\t\t<\/div>\n\t\t\t\t<div class=\"elementor-element elementor-element-d8c5282 elementor-widget elementor-widget-text-editor\" data-id=\"d8c5282\" data-element_type=\"widget\" data-widget_type=\"text-editor.default\">\n\t\t\t\t<div class=\"elementor-widget-container\">\n\t\t\t\t\t\t\t\t\t<p><span style=\"color: #ffffff;\">&#8230;<\/span><\/p>\t\t\t\t\t\t\t\t<\/div>\n\t\t\t\t<\/div>\n\t\t\t\t<\/div>\n\t\t<div class=\"elementor-element elementor-element-b0762af e-con-full e-flex wpr-particle-no wpr-jarallax-no wpr-parallax-no wpr-sticky-section-no e-con e-child\" data-id=\"b0762af\" data-element_type=\"container\">\n\t\t\t\t<div class=\"elementor-element elementor-element-dca13da elementor-widget elementor-widget-image\" data-id=\"dca13da\" data-element_type=\"widget\" data-widget_type=\"image.default\">\n\t\t\t\t<div class=\"elementor-widget-container\">\n\t\t\t\t\t\t\t\t\t\t\t\t\t\t\t<img loading=\"lazy\" decoding=\"async\" width=\"718\" height=\"717\" src=\"https:\/\/inkarybarova.cz\/wp-content\/uploads\/2025\/01\/obrazek_2025-01-22_160353302.png\" class=\"attachment-large size-large wp-image-716\" alt=\"\" srcset=\"https:\/\/inkarybarova.cz\/wp-content\/uploads\/2025\/01\/obrazek_2025-01-22_160353302.png 718w, https:\/\/inkarybarova.cz\/wp-content\/uploads\/2025\/01\/obrazek_2025-01-22_160353302-300x300.png 300w, https:\/\/inkarybarova.cz\/wp-content\/uploads\/2025\/01\/obrazek_2025-01-22_160353302-150x150.png 150w\" sizes=\"(max-width: 718px) 100vw, 718px\" \/>\t\t\t\t\t\t\t\t\t\t\t\t\t\t\t<\/div>\n\t\t\t\t<\/div>\n\t\t\t\t<\/div>\n\t\t\t\t\t<\/div>\n\t\t\t\t<\/div>\n\t\t\t\t<\/div>\n\t\t","protected":false},"excerpt":{"rendered":"<p>PROHL\u00c9DN\u011aTE SI NA\u0160I TVORBU NA\u0160E KNIHY Inka Inka Ryb\u00e1\u0159ov\u00e1 \u2013 zp\u011bva\u010dka, autorka hudby a text\u016f ke stovce vydan\u00fdch p\u00edsni\u010dek na CD, kter\u00e9 se staly vyhled\u00e1van\u00fdmi hity pro d\u011bti, odv\u00e1\u017en\u00e1 producentka, hledaj\u00edc\u00ed st\u00e1le nov\u00e9 cesty v kultu\u0159e pro d\u011bti. Prosadila se i jako \u00fasp\u011b\u0161n\u00e1 spisovatelka poh\u00e1dkov\u00fdch kn\u00ed\u017eek, sc\u00e9n\u00e1ristka a vtipn\u00e1 moder\u00e1torka. Aktuality &#8230;<\/p>\n","protected":false},"author":1,"featured_media":0,"parent":0,"menu_order":0,"comment_status":"closed","ping_status":"closed","template":"elementor_canvas","meta":{"footnotes":""},"class_list":["post-42","page","type-page","status-publish","hentry"],"_links":{"self":[{"href":"https:\/\/inkarybarova.cz\/index.php?rest_route=\/wp\/v2\/pages\/42","targetHints":{"allow":["GET"]}}],"collection":[{"href":"https:\/\/inkarybarova.cz\/index.php?rest_route=\/wp\/v2\/pages"}],"about":[{"href":"https:\/\/inkarybarova.cz\/index.php?rest_route=\/wp\/v2\/types\/page"}],"author":[{"embeddable":true,"href":"https:\/\/inkarybarova.cz\/index.php?rest_route=\/wp\/v2\/users\/1"}],"replies":[{"embeddable":true,"href":"https:\/\/inkarybarova.cz\/index.php?rest_route=%2Fwp%2Fv2%2Fcomments&post=42"}],"version-history":[{"count":133,"href":"https:\/\/inkarybarova.cz\/index.php?rest_route=\/wp\/v2\/pages\/42\/revisions"}],"predecessor-version":[{"id":821,"href":"https:\/\/inkarybarova.cz\/index.php?rest_route=\/wp\/v2\/pages\/42\/revisions\/821"}],"wp:attachment":[{"href":"https:\/\/inkarybarova.cz\/index.php?rest_route=%2Fwp%2Fv2%2Fmedia&parent=42"}],"curies":[{"name":"wp","href":"https:\/\/api.w.org\/{rel}","templated":true}]}}